 3 + y = f*a. What are the prime factors of a?
3, 5
Let w(n) = 2*n**2 + 3*n - 11. List the prime factors of w(-11).
2, 3, 11
Let y be 4 + ((-6)/(-3) - 2). Suppose -4*t - 5*i = 11 - 81, y*i = t - 7. List the prime factors of t.
3, 5
Let m be 2/(-5) + 1036/(-35). What are the prime factors of 36/(-27)*m/4?
2, 5
Suppose n = 5*n. Suppose -92 = -n*u - 4*u. What are the prime factors of u?
23
List the prime factors of 4/(-4) + (-2 - -16).
13
Let l(a) = 40*a + 39. List the prime factors of l(5).
239
Let r = -35 - -59. List the prime factors of r.
2, 3
Let s(r) = 2*r - 2. What are the prime factors of s(6)?
2, 5
Let d = 0 - 0. Suppose -v + q + 7 = 0, 4*v + d*v - 22 = -2*q. Suppose 16 = v*k - 2*k. What are the prime factors of k?
2
Let l(b) = b**2 + 22*b + 63. What are the prime factors of l(-20)?
23
Let w be (22/8)/((-3)/(-24)). Suppose w = 3*u - 5. Suppose 0 = 3*p - u. List the prime factors of p.
3
Let n = -7 - -21. Let i = 2 - -3. Suppose -i*c + 21 = -n. List the prime factors of c.
7
Let m(w) = w**2 - 2*w - 1. Let b be m(2). Suppose -3*s + 94 = 5*l + 22, -20 = -3*l + 4*s. Let u = b + l. What are the prime factors of u?
11
Suppose 4*q - 2 = 3*q. Let j(v) = 0 + 2 - 1 - v**q + v**3 + 2 - 4*v. List the prime factors of j(3).
3
Suppose -19 = -3*s - 5*w, 0 = -5*s - w + 10 + 7. Let k = s - 6. Let g = k + 7. List the prime factors of g.
2
Let r(q) = -q + 10. Let n be r(7). Suppose -2*w - 2*h - 71 = -9, n*w - h = -77. What are the prime factors of (-2)/(60/w + 2)?
3
Suppose -5*b = 2*o - 14, -o + 0*b = 3*b - 9. Let p = o - 1. List the prime factors of -2*(30/p - 1).
17
Suppose -2*z - 3*u + 0*u + 34 = 0, -u = 4. Let w = -14 + z. List the prime factors of w.
3
Let k be 1/(-2)*(-1 + 221). Let n = -51 - k. Let g = n + -40. What are the prime factors of g?
19
Let a = 13 + -8. Suppose -t + 107 + a = 0. List the prime factors of (-10)/45 + t/18.
2, 3
Let z = -30 - -199. List the prime factors of z.
13
Let x = 7 - 4. List the prime factors of 0 + x + (0 - -6).
3
What are the prime factors of ((2030/(-15))/(-7))/(3/18)?
2, 29
Let r(w) = -13*w**3 - 3*w**2 - w - 2. List the prime factors of r(-2).
2, 23
Let y(l) = -4*l + 2*l**2 - 2*l + 5*l**2 + l. Let h(n) = -15*n**2 + 11*n. Let u(b) = 6*h(b) + 13*y(b). List the prime factors of u(2).
2, 3
Let j(b) = b**3 - 4*b**2 + 2*b + 3. Let o be j(3). Let p(d) = -d**3 + d**2 + 37. What are the prime factors of p(o)?
37
Let l(b) = 4*b**3 - 7*b**2 + 4*b. List the prime factors of l(3).
3, 19
Let p = 3 - -26. Suppose 5*u - p = 11. Suppose -j = r + 2*j - u, -5*r = 2*j - 53. What are the prime factors of r?
11
Let h(m) = 2*m + 19. List the prime factors of h(10).
3, 13
Let d(p) = -3*p - 9. Let c = -8 - 4. Let h be (3 + c)*(2 - 1). What are the prime factors of d(h)?
2, 3
Let d be 106/13 - 6/39. Let q = d - 2. List the prime factors of 14 + 3/(q/4).
2
Suppose 25 = -9*y + 4*y. Let l = -5 - y. Suppose -36 + l = -3*k. What are the prime factors of k?
2, 3
Suppose -4*i + 5*c - 13 = 0, -3*i - 3*c = -25 + 1. Let t be 2*i + (-3 - -4). Suppose 2*b + 0*f - 4*f - 32 = 0, 5*f + t = -3*b. What are the prime factors of b?
2, 3
Let h be 2 + (6 - -2) + -3. Suppose 0*d - 2*u + 8 = d, 0 = -5*d + u + h. List the prime factors of d.
2
Let z = 2 + 5. Suppose -z*o + 2*o = -70. List the prime factors of o.
2, 7
Let f = 46 - 20. List the prime factors of f.
2, 13
Suppose 3*r = -r + 84. List the prime factors of r.
3, 7
Let v be -14 - -4*2/4. Let o = 12 - v. What are the prime factors of o?
2, 3
Let p(a) = 18*a - 2. Let l be p(3). Let u = 84 - l. List the prime factors of u.
2
What are the prime factors of (3*(-18)/81)/(4/(-2226))?
7, 53
Let f = -33 + 50. List the prime factors of f.
17
Suppose -2*f = -5*z - 43, f - 4*z = -0*z + 29. Let y be (-28)/(-2) - (-1)/(-1). Let u = y - f. What are the prime factors of u?
2
Let j be (-38)/(-4) - 1/2. Let m = j + -2. What are the prime factors of m?
7
Let t(c) = c**2 - 10*c + 13. Let m be t(9). Suppose 2*f - 6*f + 17 = o, m*o + 5*f - 57 = 0. List the prime factors of o.
13
Let v(w) = 3*w**2 - 7*w + 2. List the prime factors of v(3).
2
What are the prime factors of (2/(-14) - -1)*7?
2, 3
Let y be 0 + (-1 - (1 + -15)). Let x = y - 3. What are the prime factors of x?
2, 5
Suppose -116 = -4*a - 24. Let g = 40 - a. What are the prime factors of g?
17
Let s be 186/27 - 1/(-9). Let p = s - -50. List the prime factors of p.
3, 19
Let o(i) be the second derivative of i**3/6 - 3*i**2/2 - 2*i. Let d be o(5). Suppose -d*b + 4 = -b. What are the prime factors of b?
2
Suppose 4*t + 5 = -35. Let y = -5 - t. Let b = 8 - y. What are the prime factors of b?
3
Suppose 0 = 5*l - 6*x + 2*x - 371, 16 = -4*x. What are the prime factors of l?
71
Let k(o) be the third derivative of o**6/40 + o**3/3 - 9*o**2. List the prime factors of k(2).
2, 13
List the prime factors of (19/19)/((-1)/(-17)).
17
Let x = 8 + -13. Let a(l) = -l**2 - 6*l - 5. Let i be a(x). Suppose i = -0*t - t + 7. List the prime factors of t.
7
Let x(a) = -a**2 + 2*a - 4. Let w be x(6). Let d = -17 - w. List the prime factors of d.
11
Let d = -21 + 36. Let n = d + -12. What are the prime factors of n?
3
Let h(k) = k**3 + k**2 - 4. Let d be h(4). Suppose 0*a + 2*a = d. List the prime factors of a.
2, 19
Let w(p) = 16*p**3 + p**2 - p + 4. Let x be w(2). What are the prime factors of 2/(-6) - x/(-6)?
2, 11
Let i = -2 + 55. What are the prime factors of i?
53
Let m = 46 - 5. What are the prime factors of m?
41
Suppose -254 = 2*h - 7*h + 2*v, -4*h - 4*v = -220. What are the prime factors of h?
2, 13
Suppose -78 = -5*o + 472. What are the prime factors of o?
2, 5, 11
Suppose -178 = -2*a - 2*f + 192, 0 = -5*a - 3*f + 933. List the prime factors of a.
3, 7
Let q(s) = -13*s + 54. List the prime factors of q(-10).
2, 23
Let w be ((-3)/2)/((-1)/(-12)). Let q = -29 + 21. Let o = q - w. What are the prime factors of o?
2, 5
Let f(a) = -a**2 - 3*a + 2. Let i = 1 + -4. Let k be f(i). Suppose 5*s + 13 = -2, 2*n + k*s - 18 = 0. List the prime factors of n.
2, 3
Suppose 3*h + 15 = 0, 0 = z - 3*h + 5 - 22. Let c(r) = 11*r**2 - 3*r + 4. What are the prime factors of c(z)?
2, 3, 7
Let t(r) = -r**3 + 11*r**2 - 10*r - 1. Let p be t(10). Let a = p + 12. List the prime factors of a.
11
Suppose 170 = 12*w - 7*w. List the prime factors of w.
2, 17
List the prime factors of (-129)/(-9) + 4/(-12).
2, 7
Let x(a) = 39*a**2 + a + 1. What are the prime factors of x(-1)?
3, 13
Let o be 85/25 - (-2)/(-5). Let a(z) = 16*z. List the prime factors of a(o).
2, 3
Suppose 25*t = 28*t - 60. What are the prime factors of t?
2, 5
Suppose 4*f - b + 3 = -3, 0 = 4*f + 2*b + 12. Let p(i) = i + 3*i**2 + 1 - 2 + 0. List the prime factors of p(f).
3
Suppose -2 - 7 = 3*m - d, -m - 5*d - 19 = 0. Let x(t) = 4 + 9*t**2 + 3*t + 9*t**2 - 17*t**2. What are the prime factors of x(m)?
2
Let n = -27 - -29. What are the prime factors of n?
2
Let t(d) = -d. Let j(a) = -a. Let h(x) = -4*j(x) - t(x). Let c be h(-3). List the prime factors of ((-8)/(-12))/((-1)/c).
2, 5
Suppose 2*q + a = -36, -4*q = -2*a - 2*a + 84. Let o = q - -35. List the prime factors of o.
2
Suppose 0 = -4*k + 6*k - 54. What are the prime factors of k?
3
Let f be (0 + 1)/(3/135). Suppose 2*l + l - f = 0. What are the prime factors of l?
3, 5
Let l(u) = 3*u - 6. Let q be l(5). Suppose -5*g + q = -41. What are the prime factors of g?
2, 5
Let c(v) = -v**3 + 6*v**2 + 9*v - 7. What are the prime factors of c(6)?
47
Suppose -4*k - d + 66 = 0, 2*k + 3*d = k + 22. Suppose -n - 3*n = 36. Let q = n + k. List the prime factors of q.
7
Suppose 1168 = 11*p - 7*p. What are the prime factors of p?
2, 73
What are the prime factors of (-1542)/(-24) + 9/12?
5, 13
List the prime factors of (-6)/(-4) + ((-5796)/8)/(-7).
3, 5, 7
Let z = 280 - 2. What are the prime factors of z?
2, 139
Suppose -2*v - 8 = -16. What are the prime factors of v?
2
Suppose -2*u = n - 1, 3 + 1 = u. Let d = -5 - n. Suppose -d*q = -10 - 12. What are the prime factors of q?
11
Suppose 5*r = -35 - 10. Let j(t) = t**3 + 9*t**2 - 2*t - 6. What are the prime factors of j(r)?
2, 3
Let w be (-3)/3 + -2 + 5. Suppose -w*l + 30 = l. List the prime factors of l.
2, 5
Suppose -2*h - 28 + 118 = 0. Suppose 0 = -3*z + 8*z - h. What are the prime factors of z?
3
Let w(u) = 2*u**2 + 5*u - 7. What are the prime factors of w(-6)?
